d by 29.
23
What is the remainder when 4808417 is divided by 284?
13
Calculate the remainder when 1814444 is divided by 9755.
14
What is the remainder when 584488 is divided by 97381?
202
Calculate the remainder when 309565346 is divided by 981.
5
What is the remainder when 19142636 is divided by 220?
216
Calculate the remainder when 11154 is divided by 2415.
1494
Calculate the remainder when 6718188 is divided by 3.
0
Calculate the remainder when 24623787 is divided by 215998.
15
What is the remainder when 2744616 is divided by 1259?
1255
What is the remainder when 1368519 is divided by 684188?
143
What is the remainder when 694980 is divided by 464?
372
What is the remainder when 6394064 is divided by 1096?
0
What is the remainder when 12476 is divided by 478?
48
What is the remainder when 676684 is divided by 1545?
1519
What is the remainder when 9494924 is divided by 2444?
2428
What is the remainder when 266127 is divided by 266007?
120
Calculate the remainder when 12773828 is divided by 1952.
1892
What is the remainder when 2015053 is divided by 740?
33
What is the remainder when 203474 is divided by 40643?
259
Calculate the remainder when 79935 is divided by 1159.
1123
Calculate the remainder when 1183989 is divided by 11384.
53
What is the remainder when 14206918 is divided by 47199?
19
What is the remainder when 511908 is divided by 63956?
260
Calculate the remainder when 9860850 is divided by 7734.
0
Calculate the remainder when 67904 is divided by 124.
76
What is the remainder when 2134540 is divided by 710721?
2377
Calculate the remainder when 79979326 is divided by 132.
130
Calculate the remainder when 6139067 is divided by 139.
132
Calculate the remainder when 2408224 is divided by 76.
12
Calculate the remainder when 93435 is divided by 9600.
7035
What is the remainder when 2142253 is divided by 428450?
3
What is the remainder when 70444 is divided by 70389?
55
Calculate the remainder when 110029 is divided by 1558.
969
Calculate the remainder when 157384 is divided by 21794.
4826
What is the remainder when 312887 is divided by 51805?
2057
Calculate the remainder when 29841833 is divided by 465.
458
Calculate the remainder when 11725243 is divided by 1850.
1793
What is the remainder when 1411 is divided by 306?
187
What is the remainder when 232680 is divided by 93?
87
What is the remainder when 3697474 is divided by 3884?
3790
What is the remainder when 90868 is divided by 2214?
94
Calculate the remainder when 10443368 is divided by 1707.
1649
What is the remainder when 3028650 is divided by 12?
6
Calculate the remainder when 63194 is divided by 15756.
170
Calculate the remainder when 646218 is divided by 14048.
10
What is the remainder when 1072235 is divided by 379?
44
Calculate the remainder when 107360627 is divided by 1690.
1687
What is the remainder when 126940 is divided by 5064?
340
What is the remainder when 1751551 is divided by 576?
511
Calculate the remainder when 1987 is divided by 61.
35
What is the remainder when 22605597 is divided by 42652?
37
Calculate the remainder when 3509890 is divided by 30.
10
What is the remainder when 54255 is divided by 1815?
1620
What is the remainder when 3267898 is divided by 1089299?
1
What is the remainder when 46627289 is divided by 76?
73
What is the remainder when 6617154 is divided by 2205697?
63
Calculate the remainder when 2234511 is divided by 2114.
13
What is the remainder when 18871645 is divided by 612?
13
Calculate the remainder when 3887231 is divided by 11.
7
Calculate the remainder when 95664039 is divided by 4473.
4461
What is the remainder when 160218343 is divided by 143?
142
Calculate the remainder when 371313 is divided by 185514.
285
What is the remainder when 90405234 is divided by 30135078?
0
Calculate the remainder when 254863 is divided by 1185.
88
Calculate the remainder when 16397484 is divided by 2732.
20
What is the remainder when 181796348 is divided by 433?
432
What is the remainder when 10950479 is divided by 12?
11
What is the remainder when 65328479 is divided by 42?
41
What is the remainder when 74228 is divided by 37048?
132
What is the remainder when 2448267 is divided by 5747?
45
What is the remainder when 4203043 is divided by 545?
3
Calculate the remainder when 2416330 is divided by 539.
532
What is the remainder when 98030 is divided by 1725?
1430
What is the remainder when 37299537 is divided by 3172?
3161
Calculate the remainder when 389729944 is divided by 3004.
3000
Calculate the remainder when 6471257 is divided by 1073.
1067
Calculate the remainder when 1787170 is divided by 595721.
7
Calculate the remainder when 542844 is divided by 108559.
49
What is the remainder when 18967 is divided by 3155?
37
What is the remainder when 15278 is divided by 1516?
118
What is the remainder when 121459802 is divided by 23?
22
What is the remainder when 1561701 is divided by 241?
21
What is the remainder when 816646 is divided by 187?
17
Calculate the remainder when 133428 is divided by 243.
21
What is the remainder when 319995809 is divided by 123?
116
What is the remainder when 5541029 is divided by 503729?
10
What is the remainder when 9045273 is divided by 102?
15
What is the remainder when 38934441 is divided by 1666?
21
What is the remainder when 47835 is divided by 15397?
1644
Calculate the remainder when 41930230 is divided by 7.
6
What is the remainder when 291328420 is divided by 1029?
1027
Calculate the remainder when 1607848 is divided by 64.
40
Calculate the remainder when 301749 is divided by 1252.
17
Calculate the remainder when 60736 is divided by 27242.
6252
Calculate the remainder when 43587010 is divided by 2445.
2440
What is the remainder when 4823135 is divided by 731?
728
What is the remainder when 701828 is divided by 261?
260
Calculate the remainder when 12005155 is divided by 192.
163
Calculate the remainder when 4893556 is divided by 3439.
3298
What is the remainder when 27187138 is divided by 1288?
34
What is the remainder when 1132119 is divided by 52?
27
What is the remainder when 24416137 is divided by 3947?
3942
What is the remainder when 125854 is divided by 13828?
1402
What is the remainder when 228451067 is divided by 1?
0
What is the remainder when 4296090 is divided by 48?
42
What is the remainder when 11379959 is divided by 494779?
42
What is the remainder when 1914591 is divided by 10696?
7
What is the remainder when 1539913 is divided by 118448?
89
Calculate the remainder when 3066428 is divided by 688.
12
What is the remainder when 944920 is divided by 314971?
7
Calculate the remainder when 12867640 is divided by 412.
56
What is the remainder when 44123371 is divided by 61?
58
Calculate the remainder when 50684397 is divided by 2700.
2697
What is the remainder when 53818801 is divided by 104300?
1
What is the remainder when 183600 is divided by 302?
286
Calculate the remainder when 464484 is divided by 66.
42
Calculate the remainder when 91008090 is divided by 30336020.
30
Calculate the remainder when 919919 is divided by 7131.
20
Calculate the remainder when 11856399 is divided by 1423.
1386
What is the remainder when 5089674 is divided by 3?
0
What is the remainder when 2683718 is divided by 6676?
6642
What is the remainder when 722407 is divided by 103155?
322
Calculate the remainder when 47005747 is divided by 15668575.
22
What is the remainder when 9003965 is divided by 7541?
11
Calculate the remainder when 15816160 is divided by 15816134.
26
What is the remainder when 96244 is divided by 2919?
2836
What is the remainder when 118712537 is divided by 63?
62
What is the remainder when 890140 is divided by 490?
300
What is the remainder when 571337 is divided by 511?
39
What is the remainder when 336151 is divided by 9271?
2395
Calculate the remainder when 2317091 is divided by 2.
1
Calculate the remainder when 40102 is divided by 136.
118
What is the remainder when 53678 is divided by 844?
506
What is the remainder when 1574272 is divided by 24?
16
Calculate the remainder when 332089 is divided by 58.
39
Calculate the remainder when 2097614 is divided by 564.
98
What is the remainder when 27212368 is divided by 11?
7
What is the remainder when 9430601 is divided by 471520?
201
What is the remainder when 